e remainder when 642 is divided by h?
159
Let q(x) = 317*x**2 + 1797*x - 6. What is the remainder when q(-6) is divided by 63?
57
Let s = 1971 + -1594. Calculate the remainder when 385 is divided by s.
8
Let q be (-2698)/(-10) + 9/(45/(-4)). Let j = -227 + q. What is the remainder when 207 is divided by j?
39
Suppose b = -0*b + 4, 4*b = -3*s + 61. Suppose -3*a + 103 + 146 = 0. Calculate the remainder when a is divided by s.
8
Suppose -12*d + 103*d = -11680 + 234357. What is the remainder when d is divided by 14?
11
Let w = 47324 + -47262. Calculate the remainder when w is divided by (6/4)/((-6)/(-136)).
28
Suppose 9 = -3*m, 5*m + 173 = 4*l - 30. Calculate the remainder when 832 is divided by l.
33
What is the remainder when 958 is divided by ((-48)/(-14))/(45/840)?
62
Calculate the remainder when (1/(-7) - 69750/(-210)) + 0 is divided by 58.
42
Suppose l + 14 = -l. Let f(m) = -811 + 240 - 2*m - 9*m + 248 + 260. What is the remainder when 63 is divided by f(l)?
7
Suppose -1589 = -8*m + 35. Let g = m - 169. Calculate the remainder when 36 is divided by g.
2
What is the remainder when (-22 + 25)*(0 + 213) is divided by 15?
9
Let c = 202 - 144. Calculate the remainder when 345 + -9 + 18 - 7 is divided by c.
57
Suppose o - 25 = -3*g + 10, 4*o - 238 = 2*g. What is the remainder when 403 is divided by o?
11
Let z be (-1)/3*(-1 - 14). Suppose -4*w + 5*u + 96 = u, 0 = -3*w - z*u + 32. Calculate the remainder when w is divided by (4 - -2) + ((-75)/3 - -26).
5
Let o(h) = 110 + 3 - 10*h**2 + 8*h**2 + 7*h + h**2. Suppose 0 = -d - 3*x + 3, 0 = -2*d + 4*x - 5 + 31. What is the remainder when o(14) is divided by d?
6
Suppose -3*w + 398 = 2*w + 4*h, -2 = -h. Suppose -83*q = -w*q - 620. Calculate the remainder when q is divided by 5.
4
Suppose 0 = -208*x + 15241 + 26359. Calculate the remainder when 609 is divided by x.
9
Let u(i) = 41*i + 52. Let b(k) = -20*k - 26. Let w(d) = -5*b(d) - 3*u(d). Calculate the remainder when w(-4) is divided by 14.
10
Suppose 161 + 499 = 10*f. Calculate the remainder when 25 is divided by 1*f*1/3.
3
Suppose -m + 11 = 3*x - 6, 10 = 5*x. Let p(u) = -3*u**2 + 38*u - 9. Calculate the remainder when 274 is divided by p(m).
44
Let y(k) = 48*k + 11602. What is the remainder when y(-32) is divided by 12?
10
Let w(x) = x**3 - 15*x**2 - 119*x + 31. What is the remainder when w(21) is divided by 68?
42
Suppose 5*n = -3 + 48. Calculate the remainder when 7 - (8 + -162) - (-4)/(-2) is divided by -1*n*(-9 - -3).
51
Suppose -5*w = -15, 2*v + w + 433 = 470. What is the remainder when 62 is divided by v?
11
Suppose 13*l = -1378 + 4329. Calculate the remainder when l is divided by 23.
20
Suppose w + 4*w - 1030 = -195. Calculate the remainder when w is divided by 160.
7
Suppose 1879*o - 36656 = 1863*o. What is the remainder when o is divided by 15?
11
What is the remainder when 123 is divided by (-7 - -5 - 13) + 72?
9
Calculate the remainder when (34/(-8))/((-3)/48) is divided by ((-14)/10*2)/((-94)/235).
5
Calculate the remainder when 24033 is divided by 231 - (625/25 - 47).
251
Let p = 9 - -3. Suppose 0 = -66*s + 62*s + 12. Let b(z) = z**3 - 6*z**2 + 13*z - 7. What is the remainder when p is divided by b(s)?
2
Suppose -6610 = -4*w - v, -2*w + 36*v = 34*v - 3300. What is the remainder when w is divided by 821?
10
Suppose 445 = -69*u + 70*u - 2*a, 2*a = 4*u - 1804. What is the remainder when 1367 is divided by u?
8
Suppose 2*a - 650 = -r + 1074, -3*r = -a - 5130. What is the remainder when r is divided by 27?
11
Suppose 0 = -7*i + 6*i + 26. Let g = -13 + 23. Suppose 5*c = g*c - 385. What is the remainder when c is divided by i?
25
Let x be -6 + 11 + -5 - 0. Suppose x = -6*s - 0*s + 108. Calculate the remainder when s is divided by 12.
6
Let n = -420 + 226. Let g = n - -206. What is the remainder when 107 is divided by g?
11
Let h(b) = 2*b**3 - 5*b - 6. Let i be h(-4). Let v = i + 156. Calculate the remainder when v is divided by 23.
19
Suppose -5*q = 4*b - 4, -4*b - 4*q = -q - 12. Suppose 0*n = -3*n + b. What is the remainder when n is divided by 2?
0
Let j = 218 - 227. What is the remainder when (6 + 2 + j)/(2/(-68)) is divided by (-1 - 1)*(-18)/4?
7
Let y(k) be the first derivative of 218*k**3/3 - k - 3. What is the remainder when y(-1) is divided by 20?
17
Suppose 9*b - 1459 = 1457. Suppose 0 = -b*q + 319*q + 235. What is the remainder when q is divided by 6/2*5 + 1?
15
Suppose t - 2 + 0 = 4*h, -h + 2*t = 4. Let k(s) = -3*s - 35. Let x be k(h). Calculate the remainder when (x - -25)/(2/(-11)) is divided by 29.
26
Suppose 3*m - 73 = -q + 265, 4*q + 3*m = 1388. What is the remainder when q is divided by (-2)/7 + 342/21?
14
Suppose -6323 = -375*y + 13375 + 2052. Calculate the remainder when 1654 is divided by y.
30
Let s(o) be the third derivative of -o**6/120 - 11*o**5/30 + 17*o**4/24 + 25*o**3/3 - 8*o**2 - 2*o. What is the remainder when s(-23) is divided by 63?
62
Let x(s) = -235*s - 530. Calculate the remainder when x(-5) is divided by 30.
15
Let r(k) = -72*k**2 + 2*k + 3. Let u be r(-1). What is the remainder when 40 is divided by (-852)/u*(-6)/(-4)?
4
Let l = 5885 + -5841. Suppose 0*d + 4*d + m - 880 = 0, -20 = -5*m. Calculate the remainder when d is divided by l.
43
Let u = 9 + -6. Suppose 2*w - 5*j + 0 = u, -38 = -2*w - 2*j. What is the remainder when 2/4 + (28980/(-24))/(-23) is divided by w?
11
Calculate the remainder when (-79083)/(-162) - ((-2)/12)/(-1) is divided by 242.
4
Suppose 2*d - 2*f = -56 + 156, 2*d - f - 105 = 0. Calculate the remainder when d is divided by 23.
9
Let m(j) = -3*j**3 - 150*j**2 - 442*j - 1. Calculate the remainder when 80 is divided by m(-3).
24
Suppose -17 - 4 = -7*v. Suppose -2*b = -u - 7, v*u = -5*b + b - 1. Let c(f) = 34*f**2 - 3*f + 1. What is the remainder when c(b) is divided by 34?
29
Let b = 1414 - 1400. Suppose 2*u + 8 = -3*k + k, 0 = -4*k - 2*u - 10. Calculate the remainder when b is divided by (-7 - -14) + (k - 0).
2
Let m(q) = q**3 - 18*q**2 + 34*q - 67. Let x be m(16). What is the remainder when 191 is divided by (28/x)/(-2 + (-476)/(-240))?
47
Suppose -5*j + 107 = -98. Suppose -j = 2*l - 73. What is the remainder when 44 is divided by l?
12
Let k = 201 + -138. Suppose -213 = -4*g + 131. Suppose -3*u - 107 = -5*w, -4*w - 3*u + 5*u + g = 0. What is the remainder when k is divided by w?
19
Let r be -21*((-12)/(-14))/(-1). Let w = 18 - r. Let j = 9 + w. What is the remainder when 34 is divided by j?
7
Calculate the remainder when 5685 is divided by (-1280)/(-112) + ((-1)/(-14) - (-4)/8).
9
Let t(q) = 2*q**3 - 48*q**2 + 13*q - 32. Calculate the remainder when t(24) is divided by 54.
10
Let o = -1628 + 2187. Calculate the remainder when o is divided by 117.
91
Let z = 593 + -340. Let m = z + -138. What is the remainder when m is divided by 44?
27
Let r(y) = y**3 - y**2 - 8*y - 4. Let n(c) = c**3 - 21*c**2 - 19*c - 47. Suppose 22 = -30*j + 31*j. Calculate the remainder when n(j) is divided by r(4).
7
Let n = 3932 - 3900. Let r be (-27)/(2 - 10/4). Suppose n = 3*k - i, -i - r = -0*k - 5*k. Calculate the remainder when 163 is divided by k.
9
Let w(f) be the third derivative of f**4/4 - 143*f**3/6 + 38*f**2 + f. Calculate the remainder when 1038 is divided by w(26).
11
Let x(y) = 11*y**2 + 74*y + 2. Let l be x(-7). Suppose -5*h = -2*o - 200, l = 2*h + o - 66. What is the remainder when h is divided by 15?
12
Let w = 3497 + -3481. What is the remainder when 809 is divided by w?
9
Suppose 64*w - 59*w = 100. Suppose 13*r - 16*r = -8010. What is the remainder when r/35 - (-6)/(-21) is divided by w?
16
Suppose -125 - 304 = -11*g. Let z = 51 - g. What is the remainder when 27 is divided by z?
3
Let z(j) = 62*j**2 - 97. What is the remainder when z(9) is divided by 44?
41
Let j = 81 - -21. Let n = j + -60. Let y = -20 - -25. Calculate the remainder when n is divided by y.
2
Suppose 4*j + 46 = 3*d, -d = -3*d - j + 49. Suppose 6*q = 4*q + d. Suppose 3*f = 2*f + 4. Calculate the remainder when q is divided by f.
3
Suppose h - 3*h = -304. Suppose 10*j + h = 18*j. What is the remainder when 32 is divided by j?
13
Suppose 19448 = 83*d - 31*d. Calculate the remainder when 3*(d/18 - (-4)/(-36)) is divided by 15.
2
Suppose 119*i - 3908 = 9658. Calculate the remainder when 322 is divided by i.
94
Suppose 7*i = 46*i + 2